+ 472. What is the thousands digit of r?
1
Suppose 1176600 + 55008 = 84*a. What is the ten thousands digit of a?
1
Let v = -220 + 220. Suppose o - 5*n - 508 = -o, v = 5*o + n - 1243. What is the units digit of o?
9
Suppose 2*u = o - 2177 - 4558, 5*o - 2*u = 33707. What is the thousands digit of o?
6
What is the hundreds digit of 1159*1 + -29 + 21 + 5?
1
Let f = -1507 - -2629. What is the units digit of f?
2
Let f(n) = 255*n + 5052. What is the thousands digit of f(37)?
4
Suppose -2*l = -h - 3, h - 1 = 4*l - 8. Suppose 0 = l*z - 480 - 248. What is the units digit of z?
4
Let r be 18/(-15)*(-15)/6. Suppose r*b + 3 + 6 = 0. Let j(s) = -38*s + 7. What is the tens digit of j(b)?
2
Let j(o) = 9307*o - 22. Let n be j(1). Suppose 8*y - n = -7*y. What is the units digit of y?
9
What is the hundreds digit of ((-150)/60)/(3/1596*-2)?
6
Let g be (-80)/(-32) - 323/(-2). Let f = -2 + 4. Suppose 4*h + g = f*i, 2*h - 4*h = 6. What is the units digit of i?
6
Suppose 5*i - 2*w - 60 = 0, 2*w = 3*w + 5. Let p be ((-5)/10 - (-11)/i)*5. Suppose -p*y + 4*y = -3*z + 224, -368 = -5*z - 3*y. What is the tens digit of z?
7
Let v = 22 + -36. Suppose 126*j - 407 - 223 = 0. What is the units digit of (v/j)/((-10)/25)?
7
Suppose 7*m + 17 = 9*m + 3*l, l - 3 = 0. Suppose 0 = -3*a + 6, -r - m*r = 2*a - 1744. What is the units digit of r?
8
Let u = 30413 - 14285. What is the thousands digit of u?
6
Suppose 124 + 97 = 17*r. Suppose -x + 644 = -5*u, -r*u + 8*u = -25. What is the units digit of x?
9
Suppose 126*p + 47*p - 6164230 = 1080664. What is the ten thousands digit of p?
4
Suppose 2*f + 17*f = 69677 + 39687. What is the tens digit of f?
5
Let k(b) = 4*b + 66. Let o be k(-16). Suppose 3*j - o*j - 1058 = 0. What is the thousands digit of j?
1
What is the units digit of 2/10 + 1/(-5)*-20314?
3
Suppose -3*k = -2*a + 55698, 0 = -a - 551*k + 549*k + 27821. What is the hundreds digit of a?
8
Suppose 6*n - 5740 = -4*n. Let d = -265 + n. What is the units digit of d - (1/(-3))/(14/(-168))?
5
Suppose s + 61 = -42. Let k = -79 + s. Let y = k + 306. What is the units digit of y?
4
What is the ten thousands digit of 1/7 - 1098659/119*(-1 - 8)?
8
Let j = -4 + 5. Let i = 564 - 561. What is the hundreds digit of (-100 + i)*-2*j?
1
Suppose -3*a = 1127*q - 1122*q - 10767, -3*q - 7121 = -2*a. What is the tens digit of a?
7
Suppose -707*u = -750*u + 441223. What is the ten thousands digit of u?
1
Suppose -4*j = -18905 + 3029. What is the hundreds digit of j?
9
Suppose -3*t + z = -29, 5*t - t - 43 = -3*z. What is the units digit of 109/(((-21)/(-105))/(14/t))?
3
Suppose -5*v - 19*f + 17*f + 3096 = 0, 3*f + 626 = v. Suppose -n = -3*x - 16, 0 = -5*n + 4*x - 3*x + 38. Suppose v = n*d - 17. What is the units digit of d?
1
Let u = 17720 - 9715. What is the tens digit of u?
0
Let x(f) = 468*f - 50. What is the hundreds digit of x(5)?
2
Let y = 4914 + -2409. What is the hundreds digit of y?
5
Suppose -88 = -45*k + 37*k. Suppose -5*l + 8*x = k*x - 2068, 5*l = -x + 2066. What is the hundreds digit of l?
4
Suppose -25*w = -27*w - 2. Let u be 0/(2*w/2). Suppose -4*q + 377 - 33 = u. What is the units digit of q?
6
What is the units digit of -4 - -36*((-36486)/(-45))/((-6)/(-5))?
0
What is the hundreds digit of 7626 + -6 + (2 - -4)?
6
Let n = -163 + 238. What is the hundreds digit of (-4886)/(-8) + (n/20)/15?
6
Let b(n) = -80*n**2 - 11*n - 1. Let s be b(-4). Let a = 1733 + s. What is the hundreds digit of a?
4
What is the thousands digit of (-4 - 204/(-36))*903?
1
Let z = -651 - -656. Let c(w) = 11*w**3 - 9*w**2 - w - 9. What is the hundreds digit of c(z)?
1
Suppose 29*s - 3*i = 30*s - 8, 4*s + 3*i - 14 = 0. Suppose -3*j - s*j = -4650. What is the tens digit of j?
3
Let x(s) = 2*s**3 - s**2 - s - 2. Let y(d) = 17*d**3 - 13*d**2 - 9*d + 7. Let k(f) = 5*x(f) - y(f). What is the thousands digit of k(-6)?
1
Let k = 22223 - 10572. What is the hundreds digit of k?
6
Let f(p) = 4*p**2 - 44*p + 43. Let h be f(1). Suppose 5*w - 905 = -h*b + 3591, -5*b + 7464 = w. What is the thousands digit of b?
1
Suppose -260*f + 5616 = -258*f - 2*y, -f + 5*y = -2820. What is the units digit of f?
5
Suppose -2*i + 0*i = -5*o - 65172, 0 = i - 3*o - 32584. What is the units digit of i?
6
Suppose 3*h - 4*h - 143 = 0. Let i = 1053 + h. What is the tens digit of i/16 + (-14)/(-112)?
5
Let x = 67 - 35. Suppose 7*d = x + 24. Let b(s) = 18*s - 42. What is the units digit of b(d)?
2
Suppose 11*z - 12*z - 31 = 0. Let t = z - -56. What is the tens digit of (90/t)/(94/30 - 3)?
2
Suppose 3*a + 3*t = 753, -3*a + t + 882 - 109 = 0. Let j = a - -196. What is the units digit of j?
2
Suppose -200*i = -90*i - 2414280. What is the tens digit of i?
4
Let h = -24638 - -67201. What is the hundreds digit of h?
5
Let f be 1/2 - 785/(-2). Suppose -56*s - 6626 = 5414. Let j = s + f. What is the units digit of j?
8
Suppose 0 = -1871*o + 1864*o + 183127. What is the tens digit of o?
6
Let v(a) = 6462*a**3 - a**2 - 25*a + 27. What is the tens digit of v(1)?
6
Suppose -4*g + 68304 = 4*f, 23350 = -4*g + 4*f + 91590. What is the units digit of g?
8
Suppose 16*z - 15*z - 4*f - 11 = 0, -z + 2*f + 7 = 0. Suppose z*n + 129 - 2256 = a, 2*n = -a + 1418. What is the hundreds digit of n?
7
Suppose 0 = -54*y + 8*y - 7*y + 209403. What is the hundreds digit of y?
9
Suppose -216288 - 787228 = -29*h. What is the thousands digit of h?
4
Let q be (2/(-6))/(1/(-18)). Suppose -q*t = -3*t. What is the tens digit of (0 - t) + -4 - -56?
5
Let t be 24/(4/1) + -3. Suppose -n + 4*r - 2684 = 0, t*n = 7*n - 2*r + 10708. What is the tens digit of ((-2)/(-3))/((-8036)/n - 3)?
2
Let p = 1163 + -698. Suppose -10*j + 13*j = p. What is the tens digit of j?
5
Let n(r) = -14*r**3 - 8*r**2 + 45*r + 6. What is the tens digit of n(-9)?
5
Suppose 320 = 7*q - 2*q. Suppose 1110 = -5*f - 25*f. Let z = q + f. What is the units digit of z?
7
Let y(a) = a**2 + 13*a + 36. Let p be y(24). Let c = p + -852. What is the units digit of c?
2
Suppose 71*j - 70*j = 24. Suppose -j*u + 1128 = -18*u. What is the tens digit of u?
8
Let h(s) = -126*s**3 - s**2 + s - 1. Let k be h(1). Suppose -5*v - 12148 = -94*v + 11170. Let z = k + v. What is the hundreds digit of z?
1
What is the thousands digit of (86786/28 + -17)/((-6)/(-8))?
4
Suppose 4*q - 110 = 2*q + p, 0 = -5*q - 4*p + 275. What is the units digit of (-7701)/(-15) + (-22)/q?
3
Suppose -115*i + 5*j + 21329 = -113*i, -j = -2*i + 21325. What is the hundreds digit of i?
6
Suppose 5*i = -5 + 10. What is the units digit of (i + 1)*3551/106?
7
Let p = -77 - -85. Let l(o) = 2*o - 14 + 8 - 8*o**2 + 10 + o**3. What is the units digit of l(p)?
0
Let h(c) = 17*c + 560. Let d be h(-33). Let j(t) be the second derivative of 65*t**4/6 + 2*t**3/3 + 4*t. What is the units digit of j(d)?
6
Suppose 2153664 = 107*y - 28*y + 65*y. What is the hundreds digit of y?
9
Let h(n) = n**2 - 4*n - 5. Let i be h(6). What is the hundreds digit of (69/3)/(i/91)?
2
Suppose -j - 4*f + 3 = 10, -3*j - 3*f = -6. Suppose 3*o - o - 952 = -3*u, j*u + 4*o = 1586. What is the units digit of (20/30)/(4/u)?
3
Let w(u) = -2532*u - 1316. What is the thousands digit of w(-3)?
6
Suppose 4*i - 140 = -2*g, 4*i = 3*g - 8*g + 344. Let q = g - 83. Let o(l) = -l**3 - 17*l**2 - 33*l + 11. What is the units digit of o(q)?
6
Suppose 5*a - 1000 = -5*k, -a + 5*k + 1020 = 4*a. Suppose 3*q + 4*x - a = 2*q, -4*q + 718 = -2*x. What is the tens digit of q?
8
Let h(d) = -119*d**3 + d**2 + 24*d + 32. What is the tens digit of h(-3)?
8
Suppose -300*j - 18025565 = -551*j. What is the thousands digit of j?
1
Let s(z) = z**3 - 8*z**2 + 6*z + 10. Let q be s(7). Suppose 2*c - 4*p + 10 = 0, q*c + 2*p = -0*c + 1. What is the units digit of (-6)/(-27)*c - (-202)/18?
1
Let b = 720 + 5719. What is the thousands digit of b?
6
What is the tens digit of (-312590)/(-3)*(6/(-20))/((-8)/16)?
1
Let f = -78 - 1172. Let l = -860 - f. What is the tens digit of l?
9
What is the hundreds digit of -5*3/(-180) + (15300165/180 - -4)?
0
Let j(n) = 3*n**2 - 2*n + 32. Let s be j(18). Suppose 0 = 4*o + 4*d - s, -971 = -10*o + 6*o - 5*d. What is the units digit of o?
9
Let a(g) = -g**2 + 12*g - 26. Let w be (-198)/(-27) + 2/3. Let l be a(w). What is the units digit of ((-88)/10)/(l/(-30))?
4
Let d be 0 - -1 - 20/(-5) - 33. What is the units digit of 